{"id":8,"date":"2017-01-05T15:24:05","date_gmt":"2017-01-05T14:24:05","guid":{"rendered":"http:\/\/eurowerkstatt-jena.de\/?page_id=8"},"modified":"2020-05-12T12:53:45","modified_gmt":"2020-05-12T10:53:45","slug":"ueber-mich","status":"publish","type":"page","link":"https:\/\/eurowerkstatt-jena.de\/en\/ueber-mich\/","title":{"rendered":"Activities"},"content":{"rendered":"<p>As a coordinating organization for the EU program <em><a href=\"http:\/\/eurowerkstatt-jena.de\/en\/sending\/europaeischer-solidaritaetskorps\/\">European Solidarity Corps,<\/a><\/em> one of our most important responsibilities is to inform young people about this program and to coordinate volunteers of the program. And so, we advise on the ESK, send young people from Jena to other European countries and, on the other hand, accept young people from different European countries as volunteers in Jena. <\/p>\n\n\n\n<p>In addition, we are also actively involved in other projects:<\/p>\n\n\n\n<p><\/p>","protected":false},"excerpt":{"rendered":"<p>Als koordinierende Organisation im EU-Programm &#8222;Europ\u00e4ischer Solidarit\u00e4tskorps&#8220; ist eine unserer wichtigsten Aufgaben, junge Menschen \u00fcber dieses Programm zu informieren und Freiwillige des Programms zu koordinieren. Wir beraten also zum ESK, entsenden Jenaer Jugendliche in das europ\u00e4ische Ausland und nehmen andererseits jungen Menschen aus verschiedenen europ\u00e4ischen L\u00e4ndern als Freiwillige in Jena auf. Daneben sind wir aber &hellip; <a href=\"https:\/\/eurowerkstatt-jena.de\/en\/ueber-mich\/\" class=\"more-link\">Continue reading<span class=\"screen-reader-text\"> &#8222;Aktivit\u00e4ten&#8220;<\/span><\/a><\/p>","protected":false},"author":1,"featured_media":66,"parent":0,"menu_order":2,"comment_status":"closed","ping_status":"closed","template":"page-templates\/grid-page.php","meta":{"give_campaign_id":0,"footnotes":""},"class_list":["post-8","page","type-page","status-publish","has-post-thumbnail","hentry"],"campaignId":"","_links":{"self":[{"href":"https:\/\/eurowerkstatt-jena.de\/en\/wp-json\/wp\/v2\/pages\/8","targetHints":{"allow":["GET"]}}],"collection":[{"href":"https:\/\/eurowerkstatt-jena.de\/en\/wp-json\/wp\/v2\/pages"}],"about":[{"href":"https:\/\/eurowerkstatt-jena.de\/en\/wp-json\/wp\/v2\/types\/page"}],"author":[{"embeddable":true,"href":"https:\/\/eurowerkstatt-jena.de\/en\/wp-json\/wp\/v2\/users\/1"}],"replies":[{"embeddable":true,"href":"https:\/\/eurowerkstatt-jena.de\/en\/wp-json\/wp\/v2\/comments?post=8"}],"version-history":[{"count":10,"href":"https:\/\/eurowerkstatt-jena.de\/en\/wp-json\/wp\/v2\/pages\/8\/revisions"}],"predecessor-version":[{"id":2500,"href":"https:\/\/eurowerkstatt-jena.de\/en\/wp-json\/wp\/v2\/pages\/8\/revisions\/2500"}],"wp:featuredmedia":[{"embeddable":true,"href":"https:\/\/eurowerkstatt-jena.de\/en\/wp-json\/wp\/v2\/media\/66"}],"wp:attachment":[{"href":"https:\/\/eurowerkstatt-jena.de\/en\/wp-json\/wp\/v2\/media?parent=8"}],"curies":[{"name":"wp","href":"https:\/\/api.w.org\/{rel}","templated":true}]}}

<p>Als koordinierende Organisation im EU-Programm &#8222;Europäischer Solidaritätskorps&#8220; ist eine unserer wichtigsten Aufgaben, junge Menschen über dieses Programm zu informieren und Freiwillige des Programms zu koordinieren. Wir beraten also zum ESK, entsenden Jenaer Jugendliche in das europäische Ausland und nehmen andererseits jungen Menschen aus verschiedenen europäischen Ländern als Freiwillige in Jena auf. Daneben sind wir aber &hellip; <a href="https://eurowerkstatt-jena.de/en/ueber-mich/" class="more-link">Continue reading<span class="screen-reader-text"> &#8222;Aktivitäten&#8220;</span></a></p>
