{"id":785,"date":"2017-02-15T21:14:33","date_gmt":"2017-02-15T20:14:33","guid":{"rendered":"http:\/\/eurowerkstatt-jena.de\/?page_id=785"},"modified":"2023-06-02T15:39:33","modified_gmt":"2023-06-02T13:39:33","slug":"aktuelles","status":"publish","type":"page","link":"https:\/\/eurowerkstatt-jena.de\/en\/aktuelles\/aktuelles\/","title":{"rendered":"News"},"content":{"rendered":"<p>Welcome to Eurowerksatt. If you want to stay up to date, follow our social media on FB, Instagram or Tiktok!<\/p>\n\n\n\n<div class=\"wp-block-query is-layout-flow wp-block-query-is-layout-flow\"><ul class=\"wp-block-post-template is-layout-flow wp-block-post-template-is-layout-flow\"><li class=\"wp-block-post post-3573 post type-post status-publish format-standard has-post-thumbnail hentry category-2023-solidaritaetsprojekt\">\n\n<div class=\"wp-block-columns alignwide is-layout-flex wp-container-core-columns-is-layout-9d6595d7 wp-block-columns-is-layout-flex\">\n<div class=\"wp-block-column is-layout-flow wp-block-column-is-layout-flow\" style=\"flex-basis:66.66%\"><figure class=\"wp-block-post-featured-image\"><a href=\"https:\/\/eurowerkstatt-jena.de\/en\/2023\/05\/17\/%f0%9f%8c%8dwelcome-to-one-jena-one-life%f0%9f%8c%b1\/\" target=\"_self\"  ><img loading=\"lazy\" decoding=\"async\" width=\"270\" height=\"270\" src=\"https:\/\/eurowerkstatt-jena.de\/wp-content\/uploads\/2023\/05\/2-270x270.png\" class=\"attachment-post-thumbnail size-post-thumbnail wp-post-image\" alt=\"\ud83c\udf0dWelcome to One Jena, One Life!\ud83c\udf31\" style=\"object-fit:cover;\" srcset=\"https:\/\/eurowerkstatt-jena.de\/wp-content\/uploads\/2023\/05\/2-270x270.png 270w, https:\/\/eurowerkstatt-jena.de\/wp-content\/uploads\/2023\/05\/2-300x300.png 300w, https:\/\/eurowerkstatt-jena.de\/wp-content\/uploads\/2023\/05\/2-1024x1024.png 1024w, https:\/\/eurowerkstatt-jena.de\/wp-content\/uploads\/2023\/05\/2-150x150.png 150w, https:\/\/eurowerkstatt-jena.de\/wp-content\/uploads\/2023\/05\/2-768x768.png 768w, https:\/\/eurowerkstatt-jena.de\/wp-content\/uploads\/2023\/05\/2-12x12.png 12w, https:\/\/eurowerkstatt-jena.de\/wp-content\/uploads\/2023\/05\/2.png 1080w\" sizes=\"auto, (max-width: 709px) 85vw, (max-width: 909px) 67vw, (max-width: 984px) 60vw, (max-width: 1362px) 62vw, 840px\" \/><\/a><\/figure><\/div>\n\n\n\n<div class=\"wp-block-column is-layout-flow wp-block-column-is-layout-flow\" style=\"flex-basis:33.33%\"><h2 class=\"wp-block-post-title\"><a href=\"https:\/\/eurowerkstatt-jena.de\/en\/2023\/05\/17\/%f0%9f%8c%8dwelcome-to-one-jena-one-life%f0%9f%8c%b1\/\" target=\"_self\" >\ud83c\udf0dWelcome to One Jena, One Life!\ud83c\udf31<\/a><\/h2>\n\n<div class=\"wp-block-post-excerpt\"><p class=\"wp-block-post-excerpt__excerpt\">Hi! Wir sind die Freiwilligen, die f\u00fcr One Jena, One Life verantwortlich sind. Wir sind unglaublich stolz darauf, unsere Initiative zur F\u00f6rderung von interkulturellem Verst\u00e4ndnis, nachhaltigem Leben und einer besseren Lebensqualit\u00e4t in Jena vorzustellen. Gemeinsam werden wir Bewusstsein schaffen, Erfahrungen austauschen und Verbindungen innerhalb unserer vielf\u00e4ltigen Gemeinschaft aufbauen. Begleitet uns auf dieser transformativen Reise zu&hellip; <\/p><\/div><\/div>\n<\/div>\n\n<\/li><li class=\"wp-block-post post-3964 post type-post status-publish format-standard has-post-thumbnail hentry category-erfahrungsberichte\">\n\n<div class=\"wp-block-columns alignwide is-layout-flex wp-container-core-columns-is-layout-9d6595d7 wp-block-columns-is-layout-flex\">\n<div class=\"wp-block-column is-layout-flow wp-block-column-is-layout-flow\" style=\"flex-basis:66.66%\"><figure class=\"wp-block-post-featured-image\"><a href=\"https:\/\/eurowerkstatt-jena.de\/en\/2025\/04\/19\/meet-our-volunteer\/\" target=\"_self\"  ><img loading=\"lazy\" decoding=\"async\" width=\"940\" height=\"788\" src=\"https:\/\/eurowerkstatt-jena.de\/wp-content\/uploads\/2025\/04\/1_20250419_215747_0000.png\" class=\"attachment-post-thumbnail size-post-thumbnail wp-post-image\" alt=\"Meet our volunteer!\" style=\"object-fit:cover;\" srcset=\"https:\/\/eurowerkstatt-jena.de\/wp-content\/uploads\/2025\/04\/1_20250419_215747_0000.png 940w, https:\/\/eurowerkstatt-jena.de\/wp-content\/uploads\/2025\/04\/1_20250419_215747_0000-300x251.png 300w, https:\/\/eurowerkstatt-jena.de\/wp-content\/uploads\/2025\/04\/1_20250419_215747_0000-768x644.png 768w, https:\/\/eurowerkstatt-jena.de\/wp-content\/uploads\/2025\/04\/1_20250419_215747_0000-14x12.png 14w\" sizes=\"auto, (max-width: 709px) 85vw, (max-width: 909px) 67vw, (max-width: 984px) 60vw, (max-width: 1362px) 62vw, 840px\" \/><\/a><\/figure><\/div>\n\n\n\n<div class=\"wp-block-column is-layout-flow wp-block-column-is-layout-flow\" style=\"flex-basis:33.33%\"><h2 class=\"wp-block-post-title\"><a href=\"https:\/\/eurowerkstatt-jena.de\/en\/2025\/04\/19\/meet-our-volunteer\/\" target=\"_self\" >Meet our volunteer!<\/a><\/h2>\n\n<div class=\"wp-block-post-excerpt\"><p class=\"wp-block-post-excerpt__excerpt\">1. What\u2019s your name, and where are you from?My name is Brenda, and I\u2019m from Madrid, Spain. 2. Where are you volunteering, and how long is your programme?I\u2019m volunteering at Montessori Munketal Kindergarten. The programme started in September and will end in August. 3. What motivated you to volunteer abroad?As a trained kindergarten teacher, I&hellip; <\/p><\/div><\/div>\n<\/div>\n\n<\/li><li class=\"wp-block-post post-3942 post type-post status-publish format-standard has-post-thumbnail hentry category-uncategorized tag-casaloca tag-esc tag-eurowerkstatt tag-jena tag-volunteer\">\n\n<div class=\"wp-block-columns alignwide is-layout-flex wp-container-core-columns-is-layout-9d6595d7 wp-block-columns-is-layout-flex\">\n<div class=\"wp-block-column is-layout-flow wp-block-column-is-layout-flow\" style=\"flex-basis:66.66%\"><figure class=\"wp-block-post-featured-image\"><a href=\"https:\/\/eurowerkstatt-jena.de\/en\/2025\/02\/05\/welcome-our-new-team-of-volunteers\/\" target=\"_self\"  ><img loading=\"lazy\" decoding=\"async\" width=\"1080\" height=\"1080\" src=\"https:\/\/eurowerkstatt-jena.de\/wp-content\/uploads\/2025\/02\/welcome-our-new-volunteers_20250115_011710_0000.png\" class=\"attachment-post-thumbnail size-post-thumbnail wp-post-image\" alt=\"Begr\u00fc\u00dfen Sie unser neues Freiwilligenteam!\" style=\"object-fit:cover;\" srcset=\"https:\/\/eurowerkstatt-jena.de\/wp-content\/uploads\/2025\/02\/welcome-our-new-volunteers_20250115_011710_0000.png 1080w, https:\/\/eurowerkstatt-jena.de\/wp-content\/uploads\/2025\/02\/welcome-our-new-volunteers_20250115_011710_0000-300x300.png 300w, https:\/\/eurowerkstatt-jena.de\/wp-content\/uploads\/2025\/02\/welcome-our-new-volunteers_20250115_011710_0000-1024x1024.png 1024w, https:\/\/eurowerkstatt-jena.de\/wp-content\/uploads\/2025\/02\/welcome-our-new-volunteers_20250115_011710_0000-150x150.png 150w, https:\/\/eurowerkstatt-jena.de\/wp-content\/uploads\/2025\/02\/welcome-our-new-volunteers_20250115_011710_0000-768x768.png 768w, https:\/\/eurowerkstatt-jena.de\/wp-content\/uploads\/2025\/02\/welcome-our-new-volunteers_20250115_011710_0000-12x12.png 12w\" sizes=\"auto, (max-width: 709px) 85vw, (max-width: 909px) 67vw, (max-width: 984px) 60vw, (max-width: 1362px) 62vw, 840px\" \/><\/a><\/figure><\/div>\n\n\n\n<div class=\"wp-block-column is-layout-flow wp-block-column-is-layout-flow\" style=\"flex-basis:33.33%\"><h2 class=\"wp-block-post-title\"><a href=\"https:\/\/eurowerkstatt-jena.de\/en\/2025\/02\/05\/welcome-our-new-team-of-volunteers\/\" target=\"_self\" >Begr\u00fc\u00dfen Sie unser neues Freiwilligenteam!<\/a><\/h2>\n\n<div class=\"wp-block-post-excerpt\"><p class=\"wp-block-post-excerpt__excerpt\">Wir freuen uns, unsere neue Gruppe von Freiwilligen f\u00fcr 2024\/2025 vorzustellen! Sie kommen aus sechs verschiedenen L\u00e4ndern \u2013 Spanien, Italien, Albanien, der T\u00fcrkei, Georgien und Frankreich. Vor dem offiziellen Start des Programms hatten wir einen fantastischen Orientierungsmonat, der die Freiwilligen in die deutsche Gesellschaft integrieren sollte! Er sollte ihnen helfen, sich in ihrem neuen Zuhause&hellip; <\/p><\/div><\/div>\n<\/div>\n\n<\/li><li class=\"wp-block-post post-3880 post type-post status-publish format-standard has-post-thumbnail hentry category-uncategorized tag-esc tag-solidarity-project tag-volunteer\">\n\n<div class=\"wp-block-columns alignwide is-layout-flex wp-container-core-columns-is-layout-9d6595d7 wp-block-columns-is-layout-flex\">\n<div class=\"wp-block-column is-layout-flow wp-block-column-is-layout-flow\" style=\"flex-basis:66.66%\"><figure class=\"wp-block-post-featured-image\"><a href=\"https:\/\/eurowerkstatt-jena.de\/en\/2024\/02\/22\/sag-hallo-zu-unsere-freiwilligen\/\" target=\"_self\"  ><img loading=\"lazy\" decoding=\"async\" width=\"958\" height=\"980\" src=\"https:\/\/eurowerkstatt-jena.de\/wp-content\/uploads\/2024\/02\/Screenshot-2024-02-22-at-2.03.33\u202fPM.png\" class=\"attachment-post-thumbnail size-post-thumbnail wp-post-image\" alt=\"Sag hallo zu unseren Freiwilligen\" style=\"object-fit:cover;\" srcset=\"https:\/\/eurowerkstatt-jena.de\/wp-content\/uploads\/2024\/02\/Screenshot-2024-02-22-at-2.03.33\u202fPM.png 958w, https:\/\/eurowerkstatt-jena.de\/wp-content\/uploads\/2024\/02\/Screenshot-2024-02-22-at-2.03.33\u202fPM-293x300.png 293w, https:\/\/eurowerkstatt-jena.de\/wp-content\/uploads\/2024\/02\/Screenshot-2024-02-22-at-2.03.33\u202fPM-768x786.png 768w, https:\/\/eurowerkstatt-jena.de\/wp-content\/uploads\/2024\/02\/Screenshot-2024-02-22-at-2.03.33\u202fPM-12x12.png 12w\" sizes=\"auto, (max-width: 709px) 85vw, (max-width: 909px) 67vw, (max-width: 984px) 60vw, (max-width: 1362px) 62vw, 840px\" \/><\/a><\/figure><\/div>\n\n\n\n<div class=\"wp-block-column is-layout-flow wp-block-column-is-layout-flow\" style=\"flex-basis:33.33%\"><h2 class=\"wp-block-post-title\"><a href=\"https:\/\/eurowerkstatt-jena.de\/en\/2024\/02\/22\/sag-hallo-zu-unsere-freiwilligen\/\" target=\"_self\" >Sag hallo zu unseren Freiwilligen<\/a><\/h2>\n\n<div class=\"wp-block-post-excerpt\"><p class=\"wp-block-post-excerpt__excerpt\">Olga kommt aus Spanien und engagiert sich ehrenamtlich im Freizeitladen. <\/p><\/div><\/div>\n<\/div>\n\n<\/li><\/ul><\/div>","protected":false},"excerpt":{"rendered":"<p>Come for a personal consultation! We have a lot of free ESK projects for you to choose from.<\/p>","protected":false},"author":1,"featured_media":1302,"parent":948,"menu_order":1,"comment_status":"closed","ping_status":"closed","template":"page-templates\/grid-page.php","meta":{"give_campaign_id":0,"footnotes":""},"class_list":["post-785","page","type-page","status-publish","has-post-thumbnail","hentry"],"campaignId":"","_links":{"self":[{"href":"https:\/\/eurowerkstatt-jena.de\/en\/wp-json\/wp\/v2\/pages\/785","targetHints":{"allow":["GET"]}}],"collection":[{"href":"https:\/\/eurowerkstatt-jena.de\/en\/wp-json\/wp\/v2\/pages"}],"about":[{"href":"https:\/\/eurowerkstatt-jena.de\/en\/wp-json\/wp\/v2\/types\/page"}],"author":[{"embeddable":true,"href":"https:\/\/eurowerkstatt-jena.de\/en\/wp-json\/wp\/v2\/users\/1"}],"replies":[{"embeddable":true,"href":"https:\/\/eurowerkstatt-jena.de\/en\/wp-json\/wp\/v2\/comments?post=785"}],"version-history":[{"count":9,"href":"https:\/\/eurowerkstatt-jena.de\/en\/wp-json\/wp\/v2\/pages\/785\/revisions"}],"predecessor-version":[{"id":3656,"href":"https:\/\/eurowerkstatt-jena.de\/en\/wp-json\/wp\/v2\/pages\/785\/revisions\/3656"}],"up":[{"embeddable":true,"href":"https:\/\/eurowerkstatt-jena.de\/en\/wp-json\/wp\/v2\/pages\/948"}],"wp:featuredmedia":[{"embeddable":true,"href":"https:\/\/eurowerkstatt-jena.de\/en\/wp-json\/wp\/v2\/media\/1302"}],"wp:attachment":[{"href":"https:\/\/eurowerkstatt-jena.de\/en\/wp-json\/wp\/v2\/media?parent=785"}],"curies":[{"name":"wp","href":"https:\/\/api.w.org\/{rel}","templated":true}]}}

<p>Welcome to Eurowerksatt. If you want to stay up to date, follow our social media on FB, Instagram or Tiktok!</p>



<div class="wp-block-query is-layout-flow wp-block-query-is-layout-flow"><ul class="wp-block-post-template is-layout-flow wp-block-post-template-is-layout-flow"><li class="wp-block-post post-3573 post type-post status-publish format-standard has-post-thumbnail hentry category-2023-solidaritaetsprojekt">

<div class="wp-block-columns alignwide is-layout-flex wp-container-core-columns-is-layout-9d6595d7 wp-block-columns-is-layout-flex">
<div class="wp-block-column is-layout-flow wp-block-column-is-layout-flow" style="flex-basis:66.66%"><figure class="wp-block-post-featured-image"><a href="https://eurowerkstatt-jena.de/en/2023/05/17/%f0%9f%8c%8dwelcome-to-one-jena-one-life%f0%9f%8c%b1/" target="_self"  ><img loading="lazy" decoding="async" width="270" height="270" src="https://eurowerkstatt-jena.de/wp-content/uploads/2023/05/2-270x270.png" class="attachment-post-thumbnail size-post-thumbnail wp-post-image" alt="🌍Welcome to One Jena, One Life!🌱" style="object-fit:cover;" srcset="https://eurowerkstatt-jena.de/wp-content/uploads/2023/05/2-270x270.png 270w, https://eurowerkstatt-jena.de/wp-content/uploads/2023/05/2-300x300.png 300w, https://eurowerkstatt-jena.de/wp-content/uploads/2023/05/2-1024x1024.png 1024w, https://eurowerkstatt-jena.de/wp-content/uploads/2023/05/2-150x150.png 150w, https://eurowerkstatt-jena.de/wp-content/uploads/2023/05/2-768x768.png 768w, https://eurowerkstatt-jena.de/wp-content/uploads/2023/05/2-12x12.png 12w, https://eurowerkstatt-jena.de/wp-content/uploads/2023/05/2.png 1080w" sizes="auto, (max-width: 709px) 85vw, (max-width: 909px) 67vw, (max-width: 984px) 60vw, (max-width: 1362px) 62vw, 840px" /></a></figure></div>



<div class="wp-block-column is-layout-flow wp-block-column-is-layout-flow" style="flex-basis:33.33%"><h2 class="wp-block-post-title"><a href="https://eurowerkstatt-jena.de/en/2023/05/17/%f0%9f%8c%8dwelcome-to-one-jena-one-life%f0%9f%8c%b1/" target="_self" >🌍Welcome to One Jena, One Life!🌱</a></h2>

<div class="wp-block-post-excerpt"><p class="wp-block-post-excerpt__excerpt">Hi! Wir sind die Freiwilligen, die für One Jena, One Life verantwortlich sind. Wir sind unglaublich stolz darauf, unsere Initiative zur Förderung von interkulturellem Verständnis, nachhaltigem Leben und einer besseren Lebensqualität in Jena vorzustellen. Gemeinsam werden wir Bewusstsein schaffen, Erfahrungen austauschen und Verbindungen innerhalb unserer vielfältigen Gemeinschaft aufbauen. Begleitet uns auf dieser transformativen Reise zu&hellip; </p></div></div>
</div>

</li><li class="wp-block-post post-3964 post type-post status-publish format-standard has-post-thumbnail hentry category-erfahrungsberichte">

<div class="wp-block-columns alignwide is-layout-flex wp-container-core-columns-is-layout-9d6595d7 wp-block-columns-is-layout-flex">
<div class="wp-block-column is-layout-flow wp-block-column-is-layout-flow" style="flex-basis:66.66%"><figure class="wp-block-post-featured-image"><a href="https://eurowerkstatt-jena.de/en/2025/04/19/meet-our-volunteer/" target="_self"  ><img loading="lazy" decoding="async" width="940" height="788" src="https://eurowerkstatt-jena.de/wp-content/uploads/2025/04/1_20250419_215747_0000.png" class="attachment-post-thumbnail size-post-thumbnail wp-post-image" alt="Meet our volunteer!" style="object-fit:cover;" srcset="https://eurowerkstatt-jena.de/wp-content/uploads/2025/04/1_20250419_215747_0000.png 940w, https://eurowerkstatt-jena.de/wp-content/uploads/2025/04/1_20250419_215747_0000-300x251.png 300w, https://eurowerkstatt-jena.de/wp-content/uploads/2025/04/1_20250419_215747_0000-768x644.png 768w, https://eurowerkstatt-jena.de/wp-content/uploads/2025/04/1_20250419_215747_0000-14x12.png 14w" sizes="auto, (max-width: 709px) 85vw, (max-width: 909px) 67vw, (max-width: 984px) 60vw, (max-width: 1362px) 62vw, 840px" /></a></figure></div>



<div class="wp-block-column is-layout-flow wp-block-column-is-layout-flow" style="flex-basis:33.33%"><h2 class="wp-block-post-title"><a href="https://eurowerkstatt-jena.de/en/2025/04/19/meet-our-volunteer/" target="_self" >Meet our volunteer!</a></h2>

<div class="wp-block-post-excerpt"><p class="wp-block-post-excerpt__excerpt">1. What’s your name, and where are you from?My name is Brenda, and I’m from Madrid, Spain. 2. Where are you volunteering, and how long is your programme?I’m volunteering at Montessori Munketal Kindergarten. The programme started in September and will end in August. 3. What motivated you to volunteer abroad?As a trained kindergarten teacher, I&hellip; </p></div></div>
</div>

</li><li class="wp-block-post post-3942 post type-post status-publish format-standard has-post-thumbnail hentry category-uncategorized tag-casaloca tag-esc tag-eurowerkstatt tag-jena tag-volunteer">

<div class="wp-block-columns alignwide is-layout-flex wp-container-core-columns-is-layout-9d6595d7 wp-block-columns-is-layout-flex">
<div class="wp-block-column is-layout-flow wp-block-column-is-layout-flow" style="flex-basis:66.66%"><figure class="wp-block-post-featured-image"><a href="https://eurowerkstatt-jena.de/en/2025/02/05/welcome-our-new-team-of-volunteers/" target="_self"  ><img loading="lazy" decoding="async" width="1080" height="1080" src="https://eurowerkstatt-jena.de/wp-content/uploads/2025/02/welcome-our-new-volunteers_20250115_011710_0000.png" class="attachment-post-thumbnail size-post-thumbnail wp-post-image" alt="Begrüßen Sie unser neues Freiwilligenteam!" style="object-fit:cover;" srcset="https://eurowerkstatt-jena.de/wp-content/uploads/2025/02/welcome-our-new-volunteers_20250115_011710_0000.png 1080w, https://eurowerkstatt-jena.de/wp-content/uploads/2025/02/welcome-our-new-volunteers_20250115_011710_0000-300x300.png 300w, https://eurowerkstatt-jena.de/wp-content/uploads/2025/02/welcome-our-new-volunteers_20250115_011710_0000-1024x1024.png 1024w, https://eurowerkstatt-jena.de/wp-content/uploads/2025/02/welcome-our-new-volunteers_20250115_011710_0000-150x150.png 150w, https://eurowerkstatt-jena.de/wp-content/uploads/2025/02/welcome-our-new-volunteers_20250115_011710_0000-768x768.png 768w, https://eurowerkstatt-jena.de/wp-content/uploads/2025/02/welcome-our-new-volunteers_20250115_011710_0000-12x12.png 12w" sizes="auto, (max-width: 709px) 85vw, (max-width: 909px) 67vw, (max-width: 984px) 60vw, (max-width: 1362px) 62vw, 840px" /></a></figure></div>



<div class="wp-block-column is-layout-flow wp-block-column-is-layout-flow" style="flex-basis:33.33%"><h2 class="wp-block-post-title"><a href="https://eurowerkstatt-jena.de/en/2025/02/05/welcome-our-new-team-of-volunteers/" target="_self" >Begrüßen Sie unser neues Freiwilligenteam!</a></h2>

<div class="wp-block-post-excerpt"><p class="wp-block-post-excerpt__excerpt">Wir freuen uns, unsere neue Gruppe von Freiwilligen für 2024/2025 vorzustellen! Sie kommen aus sechs verschiedenen Ländern – Spanien, Italien, Albanien, der Türkei, Georgien und Frankreich. Vor dem offiziellen Start des Programms hatten wir einen fantastischen Orientierungsmonat, der die Freiwilligen in die deutsche Gesellschaft integrieren sollte! Er sollte ihnen helfen, sich in ihrem neuen Zuhause&hellip; </p></div></div>
</div>

</li><li class="wp-block-post post-3880 post type-post status-publish format-standard has-post-thumbnail hentry category-uncategorized tag-esc tag-solidarity-project tag-volunteer">

<div class="wp-block-columns alignwide is-layout-flex wp-container-core-columns-is-layout-9d6595d7 wp-block-columns-is-layout-flex">
<div class="wp-block-column is-layout-flow wp-block-column-is-layout-flow" style="flex-basis:66.66%"><figure class="wp-block-post-featured-image"><a href="https://eurowerkstatt-jena.de/en/2024/02/22/sag-hallo-zu-unsere-freiwilligen/" target="_self"  ><img loading="lazy" decoding="async" width="958" height="980" src="https://eurowerkstatt-jena.de/wp-content/uploads/2024/02/Screenshot-2024-02-22-at-2.03.33 PM.png" class="attachment-post-thumbnail size-post-thumbnail wp-post-image" alt="Sag hallo zu unseren Freiwilligen" style="object-fit:cover;" srcset="https://eurowerkstatt-jena.de/wp-content/uploads/2024/02/Screenshot-2024-02-22-at-2.03.33 PM.png 958w, https://eurowerkstatt-jena.de/wp-content/uploads/2024/02/Screenshot-2024-02-22-at-2.03.33 PM-293x300.png 293w, https://eurowerkstatt-jena.de/wp-content/uploads/2024/02/Screenshot-2024-02-22-at-2.03.33 PM-768x786.png 768w, https://eurowerkstatt-jena.de/wp-content/uploads/2024/02/Screenshot-2024-02-22-at-2.03.33 PM-12x12.png 12w" sizes="auto, (max-width: 709px) 85vw, (max-width: 909px) 67vw, (max-width: 984px) 60vw, (max-width: 1362px) 62vw, 840px" /></a></figure></div>



<div class="wp-block-column is-layout-flow wp-block-column-is-layout-flow" style="flex-basis:33.33%"><h2 class="wp-block-post-title"><a href="https://eurowerkstatt-jena.de/en/2024/02/22/sag-hallo-zu-unsere-freiwilligen/" target="_self" >Sag hallo zu unseren Freiwilligen</a></h2>

<div class="wp-block-post-excerpt"><p class="wp-block-post-excerpt__excerpt">Olga kommt aus Spanien und engagiert sich ehrenamtlich im Freizeitladen. </p></div></div>
</div>

</li></ul></div>
