{"id":3674,"date":"2023-06-05T14:45:35","date_gmt":"2023-06-05T12:45:35","guid":{"rendered":"http:\/\/eurowerkstatt-jena.de\/?page_id=3674"},"modified":"2023-06-22T15:45:03","modified_gmt":"2023-06-22T13:45:03","slug":"cultural-quest","status":"publish","type":"page","link":"https:\/\/eurowerkstatt-jena.de\/en\/cultural-quest\/","title":{"rendered":"Cultural Quest"},"content":{"rendered":"<p class=\"has-text-align-center\">\ud83c\udf1fONE JENA, ONE QUEST: a role-playing success!\ud83c\udfb2<br>\u2800<br>We\u2019re excited to share the success of our latest event funded by the European Commission and supported by the national Agency Jugen fuer Europa, One Jena, One Quest! Participants from 8 countries joined us for an thrilling role-playing adventure. Together, we embraced storytelling, formed friendships, and celebrated cultural exchange.<br>\u2800<br>Stay tuned for more updates as we continue with One Jena, One Life! \ud83c\udf0d\u2728\u2800<\/p>\n\n\n\n<p class=\"has-text-align-center\">\u2800<br><\/p>\n\n\n\n<figure class=\"wp-block-gallery has-nested-images columns-default is-cropped wp-block-gallery-1 is-layout-flex wp-block-gallery-is-layout-flex\">\n<figure class=\"wp-block-image size-large\"><img loading=\"lazy\" decoding=\"async\" width=\"1024\" height=\"1024\" data-id=\"3764\" src=\"http:\/\/eurowerkstatt-jena.de\/wp-content\/uploads\/2023\/06\/3-1024x1024.png\" alt=\"\" class=\"wp-image-3764\" srcset=\"https:\/\/eurowerkstatt-jena.de\/wp-content\/uploads\/2023\/06\/3-1024x1024.png 1024w, https:\/\/eurowerkstatt-jena.de\/wp-content\/uploads\/2023\/06\/3-300x300.png 300w, https:\/\/eurowerkstatt-jena.de\/wp-content\/uploads\/2023\/06\/3-150x150.png 150w, https:\/\/eurowerkstatt-jena.de\/wp-content\/uploads\/2023\/06\/3-768x768.png 768w, https:\/\/eurowerkstatt-jena.de\/wp-content\/uploads\/2023\/06\/3-12x12.png 12w, https:\/\/eurowerkstatt-jena.de\/wp-content\/uploads\/2023\/06\/3.png 1080w\" sizes=\"auto, (max-width: 709px) 85vw, (max-width: 909px) 67vw, (max-width: 1362px) 62vw, 840px\" \/><\/figure>\n\n\n\n<figure class=\"wp-block-image size-large\"><img loading=\"lazy\" decoding=\"async\" width=\"1080\" height=\"1080\" data-id=\"3763\" src=\"http:\/\/eurowerkstatt-jena.de\/wp-content\/uploads\/2023\/06\/4-1024x1024.png\" alt=\"\" class=\"wp-image-3763\" srcset=\"https:\/\/eurowerkstatt-jena.de\/wp-content\/uploads\/2023\/06\/4-1024x1024.png 1024w, https:\/\/eurowerkstatt-jena.de\/wp-content\/uploads\/2023\/06\/4-300x300.png 300w, https:\/\/eurowerkstatt-jena.de\/wp-content\/uploads\/2023\/06\/4-150x150.png 150w, https:\/\/eurowerkstatt-jena.de\/wp-content\/uploads\/2023\/06\/4-768x768.png 768w, https:\/\/eurowerkstatt-jena.de\/wp-content\/uploads\/2023\/06\/4-12x12.png 12w, https:\/\/eurowerkstatt-jena.de\/wp-content\/uploads\/2023\/06\/4.png 1080w\" sizes=\"auto, (max-width: 709px) 85vw, (max-width: 909px) 67vw, (max-width: 1362px) 62vw, 840px\" \/><\/figure>\n\n\n\n<figure class=\"wp-block-image size-large\"><img loading=\"lazy\" decoding=\"async\" width=\"1024\" height=\"1024\" data-id=\"3760\" src=\"http:\/\/eurowerkstatt-jena.de\/wp-content\/uploads\/2023\/06\/5-1024x1024.png\" alt=\"\" class=\"wp-image-3760\" srcset=\"https:\/\/eurowerkstatt-jena.de\/wp-content\/uploads\/2023\/06\/5-1024x1024.png 1024w, https:\/\/eurowerkstatt-jena.de\/wp-content\/uploads\/2023\/06\/5-300x300.png 300w, https:\/\/eurowerkstatt-jena.de\/wp-content\/uploads\/2023\/06\/5-150x150.png 150w, https:\/\/eurowerkstatt-jena.de\/wp-content\/uploads\/2023\/06\/5-768x768.png 768w, https:\/\/eurowerkstatt-jena.de\/wp-content\/uploads\/2023\/06\/5-12x12.png 12w, https:\/\/eurowerkstatt-jena.de\/wp-content\/uploads\/2023\/06\/5.png 1080w\" sizes=\"auto, (max-width: 709px) 85vw, (max-width: 909px) 67vw, (max-width: 1362px) 62vw, 840px\" \/><\/figure>\n\n\n\n<figure class=\"wp-block-image size-large\"><img loading=\"lazy\" decoding=\"async\" width=\"1024\" height=\"1024\" data-id=\"3761\" src=\"http:\/\/eurowerkstatt-jena.de\/wp-content\/uploads\/2023\/06\/6-1024x1024.png\" alt=\"\" class=\"wp-image-3761\" srcset=\"https:\/\/eurowerkstatt-jena.de\/wp-content\/uploads\/2023\/06\/6-1024x1024.png 1024w, https:\/\/eurowerkstatt-jena.de\/wp-content\/uploads\/2023\/06\/6-300x300.png 300w, https:\/\/eurowerkstatt-jena.de\/wp-content\/uploads\/2023\/06\/6-150x150.png 150w, https:\/\/eurowerkstatt-jena.de\/wp-content\/uploads\/2023\/06\/6-768x768.png 768w, https:\/\/eurowerkstatt-jena.de\/wp-content\/uploads\/2023\/06\/6-12x12.png 12w, https:\/\/eurowerkstatt-jena.de\/wp-content\/uploads\/2023\/06\/6.png 1080w\" sizes=\"auto, (max-width: 709px) 85vw, (max-width: 909px) 67vw, (max-width: 1362px) 62vw, 840px\" \/><\/figure>\n\n\n\n<figure class=\"wp-block-image size-large\"><img loading=\"lazy\" decoding=\"async\" width=\"1024\" height=\"1024\" data-id=\"3759\" src=\"http:\/\/eurowerkstatt-jena.de\/wp-content\/uploads\/2023\/06\/7-1024x1024.png\" alt=\"\" class=\"wp-image-3759\" srcset=\"https:\/\/eurowerkstatt-jena.de\/wp-content\/uploads\/2023\/06\/7-1024x1024.png 1024w, https:\/\/eurowerkstatt-jena.de\/wp-content\/uploads\/2023\/06\/7-300x300.png 300w, https:\/\/eurowerkstatt-jena.de\/wp-content\/uploads\/2023\/06\/7-150x150.png 150w, https:\/\/eurowerkstatt-jena.de\/wp-content\/uploads\/2023\/06\/7-768x768.png 768w, https:\/\/eurowerkstatt-jena.de\/wp-content\/uploads\/2023\/06\/7-12x12.png 12w, https:\/\/eurowerkstatt-jena.de\/wp-content\/uploads\/2023\/06\/7.png 1080w\" sizes=\"auto, (max-width: 709px) 85vw, (max-width: 909px) 67vw, (max-width: 1362px) 62vw, 840px\" \/><\/figure>\n\n\n\n<figure class=\"wp-block-image size-large\"><img loading=\"lazy\" decoding=\"async\" width=\"1024\" height=\"1024\" data-id=\"3762\" src=\"http:\/\/eurowerkstatt-jena.de\/wp-content\/uploads\/2023\/06\/8-1024x1024.png\" alt=\"\" class=\"wp-image-3762\" srcset=\"https:\/\/eurowerkstatt-jena.de\/wp-content\/uploads\/2023\/06\/8-1024x1024.png 1024w, https:\/\/eurowerkstatt-jena.de\/wp-content\/uploads\/2023\/06\/8-300x300.png 300w, https:\/\/eurowerkstatt-jena.de\/wp-content\/uploads\/2023\/06\/8-150x150.png 150w, https:\/\/eurowerkstatt-jena.de\/wp-content\/uploads\/2023\/06\/8-768x768.png 768w, https:\/\/eurowerkstatt-jena.de\/wp-content\/uploads\/2023\/06\/8-12x12.png 12w, https:\/\/eurowerkstatt-jena.de\/wp-content\/uploads\/2023\/06\/8.png 1080w\" sizes=\"auto, (max-width: 709px) 85vw, (max-width: 909px) 67vw, (max-width: 1362px) 62vw, 840px\" \/><\/figure>\n\n\n\n<figure class=\"wp-block-image size-large\"><img loading=\"lazy\" decoding=\"async\" width=\"1024\" height=\"1024\" data-id=\"3765\" src=\"http:\/\/eurowerkstatt-jena.de\/wp-content\/uploads\/2023\/06\/11-1024x1024.png\" alt=\"\" class=\"wp-image-3765\" srcset=\"https:\/\/eurowerkstatt-jena.de\/wp-content\/uploads\/2023\/06\/11-1024x1024.png 1024w, https:\/\/eurowerkstatt-jena.de\/wp-content\/uploads\/2023\/06\/11-300x300.png 300w, https:\/\/eurowerkstatt-jena.de\/wp-content\/uploads\/2023\/06\/11-150x150.png 150w, https:\/\/eurowerkstatt-jena.de\/wp-content\/uploads\/2023\/06\/11-768x768.png 768w, https:\/\/eurowerkstatt-jena.de\/wp-content\/uploads\/2023\/06\/11-12x12.png 12w, https:\/\/eurowerkstatt-jena.de\/wp-content\/uploads\/2023\/06\/11.png 1080w\" sizes=\"auto, (max-width: 709px) 85vw, (max-width: 909px) 67vw, (max-width: 1362px) 62vw, 840px\" \/><\/figure>\n\n\n\n<figure class=\"wp-block-image size-large\"><img loading=\"lazy\" decoding=\"async\" width=\"1024\" height=\"1024\" data-id=\"3766\" src=\"http:\/\/eurowerkstatt-jena.de\/wp-content\/uploads\/2023\/06\/22-1024x1024.png\" alt=\"\" class=\"wp-image-3766\" srcset=\"https:\/\/eurowerkstatt-jena.de\/wp-content\/uploads\/2023\/06\/22-1024x1024.png 1024w, https:\/\/eurowerkstatt-jena.de\/wp-content\/uploads\/2023\/06\/22-300x300.png 300w, https:\/\/eurowerkstatt-jena.de\/wp-content\/uploads\/2023\/06\/22-150x150.png 150w, https:\/\/eurowerkstatt-jena.de\/wp-content\/uploads\/2023\/06\/22-768x768.png 768w, https:\/\/eurowerkstatt-jena.de\/wp-content\/uploads\/2023\/06\/22-12x12.png 12w, https:\/\/eurowerkstatt-jena.de\/wp-content\/uploads\/2023\/06\/22.png 1080w\" sizes=\"auto, (max-width: 709px) 85vw, (max-width: 909px) 67vw, (max-width: 1362px) 62vw, 840px\" \/><\/figure>\n<\/figure>","protected":false},"excerpt":{"rendered":"<p>\ud83c\udf1fONE JENA, ONE QUEST: a role-playing success!\ud83c\udfb2\u2800Wir freuen uns, den Erfolg unserer letzten von der Europ\u00e4ischen Kommission gef\u00f6rderten und von der Nationalen Agentur Jugen f\u00fcr Europa unterst\u00fctzten Veranstaltung One Jena, One Quest! Teilnehmer aus 8 L\u00e4ndern erlebten mit uns ein spannendes Rollenspielabenteuer. Gemeinsam haben wir uns dem Geschichtenerz\u00e4hlen verschrieben, Freundschaften geschlossen und den kulturellen Austausch &hellip; <a href=\"https:\/\/eurowerkstatt-jena.de\/en\/cultural-quest\/\" class=\"more-link\">Continue reading<span class=\"screen-reader-text\"> &#8222;Cultural Quest&#8220;<\/span><\/a><\/p>","protected":false},"author":1,"featured_media":3739,"parent":0,"menu_order":0,"comment_status":"closed","ping_status":"closed","template":"","meta":{"give_campaign_id":0,"footnotes":""},"class_list":["post-3674","page","type-page","status-publish","has-post-thumbnail","hentry"],"campaignId":"","_links":{"self":[{"href":"https:\/\/eurowerkstatt-jena.de\/en\/wp-json\/wp\/v2\/pages\/3674","targetHints":{"allow":["GET"]}}],"collection":[{"href":"https:\/\/eurowerkstatt-jena.de\/en\/wp-json\/wp\/v2\/pages"}],"about":[{"href":"https:\/\/eurowerkstatt-jena.de\/en\/wp-json\/wp\/v2\/types\/page"}],"author":[{"embeddable":true,"href":"https:\/\/eurowerkstatt-jena.de\/en\/wp-json\/wp\/v2\/users\/1"}],"replies":[{"embeddable":true,"href":"https:\/\/eurowerkstatt-jena.de\/en\/wp-json\/wp\/v2\/comments?post=3674"}],"version-history":[{"count":5,"href":"https:\/\/eurowerkstatt-jena.de\/en\/wp-json\/wp\/v2\/pages\/3674\/revisions"}],"predecessor-version":[{"id":3774,"href":"https:\/\/eurowerkstatt-jena.de\/en\/wp-json\/wp\/v2\/pages\/3674\/revisions\/3774"}],"wp:featuredmedia":[{"embeddable":true,"href":"https:\/\/eurowerkstatt-jena.de\/en\/wp-json\/wp\/v2\/media\/3739"}],"wp:attachment":[{"href":"https:\/\/eurowerkstatt-jena.de\/en\/wp-json\/wp\/v2\/media?parent=3674"}],"curies":[{"name":"wp","href":"https:\/\/api.w.org\/{rel}","templated":true}]}}

<p>🌟ONE JENA, ONE QUEST: a role-playing success!🎲⠀Wir freuen uns, den Erfolg unserer letzten von der Europäischen Kommission geförderten und von der Nationalen Agentur Jugen für Europa unterstützten Veranstaltung One Jena, One Quest! Teilnehmer aus 8 Ländern erlebten mit uns ein spannendes Rollenspielabenteuer. Gemeinsam haben wir uns dem Geschichtenerzählen verschrieben, Freundschaften geschlossen und den kulturellen Austausch &hellip; <a href="https://eurowerkstatt-jena.de/en/cultural-quest/" class="more-link">Continue reading<span class="screen-reader-text"> &#8222;Cultural Quest&#8220;</span></a></p>
