{"id":3016,"date":"2022-06-09T11:26:57","date_gmt":"2022-06-09T09:26:57","guid":{"rendered":"http:\/\/eurowerkstatt-jena.de\/?page_id=3016"},"modified":"2022-06-09T11:29:40","modified_gmt":"2022-06-09T09:29:40","slug":"im-absatz-des-italienischen-stiefels%ef%bf%bc","status":"publish","type":"page","link":"https:\/\/eurowerkstatt-jena.de\/en\/hosting\/volunteers-experiences\/im-absatz-des-italienischen-stiefels%ef%bf%bc\/","title":{"rendered":"Im Absatz des italienischen Stiefels\ufffc"},"content":{"rendered":"<p>Nach meinem Abitur war mir schnell klar, dass ich nicht direkt mit einem Studium anfangen m\u00f6chte, sondern gerne ein Jahr Zeit h\u00e4tte mich zu orientieren und andere Dinge au\u00dferhalb der akademischen Laufbahn zu erleben. So bin ich durch kurzer Recherche auf das Angebot des Europ\u00e4ischen Solidarit\u00e4tskorps gesto\u00dfen und war nach einigen anf\u00e4nglichen Organisationsschwierigkeiten von September 2021 bis M\u00e4rz 2022 als Freiwillige in S\u00fcditalien.<\/p>\n\n\n\n<p>Meine Host Organisation hie\u00df Fattoria Pugliese Diffusa APS und ist eine relativ junge sozial-kulturelle Organisation. Sie organisiert verschiedenste Projekte auf lokaler, nationaler und internationaler Ebene, h\u00e4ufig mit einem Fokus auf dem Themenbereich Europa und hat ihren Sitz in Taurisano, einer kleinen Stadt mit 15.000 Einwohnern in Apulien.<\/p>\n\n\n\n<p>Dort habe ich gemeinsam mit meiner franz\u00f6sischen Mitfreiwilligen in einer eigenen Wohnung ganz in der N\u00e4he des B\u00fcros der Organisation gewohnt. Wir hatten jede ein eigenes Zimmer, eine K\u00fcche mit kleinem Wohn-\/Essbereich, ein gemeinsames Bad und eine sch\u00f6ne Dachterrasse. Obwohl meine Mitfreiwillige und ich uns vorher nicht kannten und durch das zusammen Leben und Arbeiten sehr viel Zeit miteinander verbracht haben, haben wir uns von Anfang an super verstanden und ich war sehr froh, alle Erfahrungen nicht alleine zu machen, sondern immer jemanden zu haben, die in derselben Situation ist wie ich.<\/p>\n\n\n\n<p>Unsere Aktivit\u00e4ten w\u00e4hrend dieser sechs Monate waren sehr unterschiedlich. Jeden Vormittag haben wir in einem lokalen Kindergarten f\u00fcr Kleinkinder zwischen null und drei Jahren gearbeitet und die Erzieherinnen dort beim Spielen, Basteln und Essen mit den Kindern unterst\u00fctzt. Nachmittags haben wir unsere Organisation dann in der Vorbereitung und Durchf\u00fchrung von verschiedenen Projekten geholfen und auch selbst eigene Aktivit\u00e4ten organisiert. So haben wir zum Beispiel Kinderferienaktionen betreut, in einem digitalen Analphabetisierungskurs f\u00fcr Senioren geholfen, unsere Organisation und die M\u00f6glichkeiten des ESK bei verschiedenen Veranstaltungen pr\u00e4sentiert, internationale G\u00e4ste betreut und unsere eigenen Sprachkurse in Englisch und Deutsch f\u00fcr interessierte Erwachsene gehalten.<\/p>\n\n\n\n<p>Aber nat\u00fcrlich haben wir nicht nur gearbeitet, sondern hatten auch die M\u00f6glichkeit in unserer Freizeit die Umgebung zu erkunden. Taurisano ist leider sehr schlecht mit \u00f6ffentlichen Verkehrsmitteln angebunden, trotzdem konnten wir mit unseren Fahrr\u00e4dern, mit dem Zug und sp\u00e4ter auch mit einem eigenen Auto viele Ausfl\u00fcge ans Meer und in umliegende gr\u00f6\u00dfere St\u00e4dte machen. Wir waren in Bari, Santa Maria di Leuca, Lecce, zwei Mal in Rom und sogar f\u00fcr ein paar Tage im Rahmen eines europ\u00e4ischen Kooperationsprojekts in Bukarest in Rum\u00e4nien.<\/p>\n\n\n\n<p>Bei all diesen Reisen innerhalb Italiens und nat\u00fcrlich auch in unserem Alltag war die italienische Sprache eine st\u00e4ndige Herausforderung. Mit den Mitarbeitenden der Organisation und auch miteinander haben wir haupts\u00e4chlich Englisch gesprochen, doch die meisten der lokalen Einwohner konnten nur Italienisch und wir wollten die Sprache nat\u00fcrlich auch gerne lernen. Dabei war es schade, dass wir keinen offiziellen Sprachkurs hatten, aber auch durch den Alltag konnten wir viel lernen und uns am Ende der sechs Monate meistens problemlos verst\u00e4ndigen.<\/p>\n\n\n\n<p>Insgesamt war dieser Freiwilligendienst f\u00fcr mich nicht nur eine sch\u00f6ne Auszeit nach der Schule, sondern ich habe auch unfassbar viel \u00fcber die italienische Kultur und das Leben in S\u00fcditalien gelernt, wunderbare Menschen getroffen und ganz viele neue Erfahrungen gemacht, sodass ich den Europ\u00e4ischen Solidarit\u00e4tskorps nur weiterempfehlen kann.<\/p>\n\n\n\n<p><\/p>\n\n\n\n<figure class=\"wp-block-gallery has-nested-images columns-default is-cropped wp-block-gallery-1 is-layout-flex wp-block-gallery-is-layout-flex\">\n<figure class=\"wp-block-image size-large\"><img loading=\"lazy\" decoding=\"async\" width=\"768\" height=\"1024\" data-id=\"3018\" src=\"http:\/\/eurowerkstatt-jena.de\/wp-content\/uploads\/2022\/06\/Bild3-4-768x1024.jpeg\" alt=\"\" class=\"wp-image-3018\" srcset=\"https:\/\/eurowerkstatt-jena.de\/wp-content\/uploads\/2022\/06\/Bild3-4-768x1024.jpeg 768w, https:\/\/eurowerkstatt-jena.de\/wp-content\/uploads\/2022\/06\/Bild3-4-225x300.jpeg 225w, https:\/\/eurowerkstatt-jena.de\/wp-content\/uploads\/2022\/06\/Bild3-4-1152x1536.jpeg 1152w, https:\/\/eurowerkstatt-jena.de\/wp-content\/uploads\/2022\/06\/Bild3-4-9x12.jpeg 9w, https:\/\/eurowerkstatt-jena.de\/wp-content\/uploads\/2022\/06\/Bild3-4-285x380.jpeg 285w, https:\/\/eurowerkstatt-jena.de\/wp-content\/uploads\/2022\/06\/Bild3-4.jpeg 1200w\" sizes=\"auto, (max-width: 768px) 85vw, 768px\" \/><\/figure>\n\n\n\n<figure class=\"wp-block-image size-large\"><img loading=\"lazy\" decoding=\"async\" width=\"1024\" height=\"768\" data-id=\"3019\" src=\"http:\/\/eurowerkstatt-jena.de\/wp-content\/uploads\/2022\/06\/Bild2-4-1024x768.jpeg\" alt=\"\" class=\"wp-image-3019\" srcset=\"https:\/\/eurowerkstatt-jena.de\/wp-content\/uploads\/2022\/06\/Bild2-4-1024x768.jpeg 1024w, https:\/\/eurowerkstatt-jena.de\/wp-content\/uploads\/2022\/06\/Bild2-4-300x225.jpeg 300w, https:\/\/eurowerkstatt-jena.de\/wp-content\/uploads\/2022\/06\/Bild2-4-768x576.jpeg 768w, https:\/\/eurowerkstatt-jena.de\/wp-content\/uploads\/2022\/06\/Bild2-4-1536x1152.jpeg 1536w, https:\/\/eurowerkstatt-jena.de\/wp-content\/uploads\/2022\/06\/Bild2-4-16x12.jpeg 16w, https:\/\/eurowerkstatt-jena.de\/wp-content\/uploads\/2022\/06\/Bild2-4-507x380.jpeg 507w, https:\/\/eurowerkstatt-jena.de\/wp-content\/uploads\/2022\/06\/Bild2-4.jpeg 1600w\" sizes=\"auto, (max-width: 709px) 85vw, (max-width: 909px) 67vw, (max-width: 1362px) 62vw, 840px\" \/><\/figure>\n\n\n\n<figure class=\"wp-block-image size-large\"><img loading=\"lazy\" decoding=\"async\" width=\"576\" height=\"1024\" data-id=\"3017\" src=\"http:\/\/eurowerkstatt-jena.de\/wp-content\/uploads\/2022\/06\/Bild1-6-576x1024.jpeg\" alt=\"\" class=\"wp-image-3017\" srcset=\"https:\/\/eurowerkstatt-jena.de\/wp-content\/uploads\/2022\/06\/Bild1-6-576x1024.jpeg 576w, https:\/\/eurowerkstatt-jena.de\/wp-content\/uploads\/2022\/06\/Bild1-6-169x300.jpeg 169w, https:\/\/eurowerkstatt-jena.de\/wp-content\/uploads\/2022\/06\/Bild1-6-768x1365.jpeg 768w, https:\/\/eurowerkstatt-jena.de\/wp-content\/uploads\/2022\/06\/Bild1-6-864x1536.jpeg 864w, https:\/\/eurowerkstatt-jena.de\/wp-content\/uploads\/2022\/06\/Bild1-6-7x12.jpeg 7w, https:\/\/eurowerkstatt-jena.de\/wp-content\/uploads\/2022\/06\/Bild1-6-214x380.jpeg 214w, https:\/\/eurowerkstatt-jena.de\/wp-content\/uploads\/2022\/06\/Bild1-6.jpeg 900w\" sizes=\"auto, (max-width: 576px) 85vw, 576px\" \/><\/figure>\n<\/figure>","protected":false},"excerpt":{"rendered":"<p>Nach meinem Abitur war mir schnell klar, dass ich nicht direkt mit einem Studium anfangen m\u00f6chte, sondern gerne ein Jahr Zeit h\u00e4tte mich zu orientieren und andere Dinge au\u00dferhalb der akademischen Laufbahn zu erleben. So bin ich durch kurzer Recherche auf das Angebot des Europ\u00e4ischen Solidarit\u00e4tskorps gesto\u00dfen und war nach einigen anf\u00e4nglichen Organisationsschwierigkeiten von September &hellip; <a href=\"https:\/\/eurowerkstatt-jena.de\/en\/hosting\/volunteers-experiences\/im-absatz-des-italienischen-stiefels%ef%bf%bc\/\" class=\"more-link\">Continue reading<span class=\"screen-reader-text\"> &#8222;Im Absatz des italienischen Stiefels\ufffc&#8220;<\/span><\/a><\/p>","protected":false},"author":1,"featured_media":0,"parent":2372,"menu_order":-12,"comment_status":"closed","ping_status":"closed","template":"page-templates\/grid-page.php","meta":{"give_campaign_id":0,"footnotes":""},"class_list":["post-3016","page","type-page","status-publish","hentry"],"campaignId":"","_links":{"self":[{"href":"https:\/\/eurowerkstatt-jena.de\/en\/wp-json\/wp\/v2\/pages\/3016","targetHints":{"allow":["GET"]}}],"collection":[{"href":"https:\/\/eurowerkstatt-jena.de\/en\/wp-json\/wp\/v2\/pages"}],"about":[{"href":"https:\/\/eurowerkstatt-jena.de\/en\/wp-json\/wp\/v2\/types\/page"}],"author":[{"embeddable":true,"href":"https:\/\/eurowerkstatt-jena.de\/en\/wp-json\/wp\/v2\/users\/1"}],"replies":[{"embeddable":true,"href":"https:\/\/eurowerkstatt-jena.de\/en\/wp-json\/wp\/v2\/comments?post=3016"}],"version-history":[{"count":1,"href":"https:\/\/eurowerkstatt-jena.de\/en\/wp-json\/wp\/v2\/pages\/3016\/revisions"}],"predecessor-version":[{"id":3020,"href":"https:\/\/eurowerkstatt-jena.de\/en\/wp-json\/wp\/v2\/pages\/3016\/revisions\/3020"}],"up":[{"embeddable":true,"href":"https:\/\/eurowerkstatt-jena.de\/en\/wp-json\/wp\/v2\/pages\/2372"}],"wp:attachment":[{"href":"https:\/\/eurowerkstatt-jena.de\/en\/wp-json\/wp\/v2\/media?parent=3016"}],"curies":[{"name":"wp","href":"https:\/\/api.w.org\/{rel}","templated":true}]}}

<p>Nach meinem Abitur war mir schnell klar, dass ich nicht direkt mit einem Studium anfangen möchte, sondern gerne ein Jahr Zeit hätte mich zu orientieren und andere Dinge außerhalb der akademischen Laufbahn zu erleben. So bin ich durch kurzer Recherche auf das Angebot des Europäischen Solidaritätskorps gestoßen und war nach einigen anfänglichen Organisationsschwierigkeiten von September 2021 bis März 2022 als Freiwillige in Süditalien.</p>



<p>Meine Host Organisation hieß Fattoria Pugliese Diffusa APS und ist eine relativ junge sozial-kulturelle Organisation. Sie organisiert verschiedenste Projekte auf lokaler, nationaler und internationaler Ebene, häufig mit einem Fokus auf dem Themenbereich Europa und hat ihren Sitz in Taurisano, einer kleinen Stadt mit 15.000 Einwohnern in Apulien.</p>



<p>Dort habe ich gemeinsam mit meiner französischen Mitfreiwilligen in einer eigenen Wohnung ganz in der Nähe des Büros der Organisation gewohnt. Wir hatten jede ein eigenes Zimmer, eine Küche mit kleinem Wohn-/Essbereich, ein gemeinsames Bad und eine schöne Dachterrasse. Obwohl meine Mitfreiwillige und ich uns vorher nicht kannten und durch das zusammen Leben und Arbeiten sehr viel Zeit miteinander verbracht haben, haben wir uns von Anfang an super verstanden und ich war sehr froh, alle Erfahrungen nicht alleine zu machen, sondern immer jemanden zu haben, die in derselben Situation ist wie ich.</p>



<p>Unsere Aktivitäten während dieser sechs Monate waren sehr unterschiedlich. Jeden Vormittag haben wir in einem lokalen Kindergarten für Kleinkinder zwischen null und drei Jahren gearbeitet und die Erzieherinnen dort beim Spielen, Basteln und Essen mit den Kindern unterstützt. Nachmittags haben wir unsere Organisation dann in der Vorbereitung und Durchführung von verschiedenen Projekten geholfen und auch selbst eigene Aktivitäten organisiert. So haben wir zum Beispiel Kinderferienaktionen betreut, in einem digitalen Analphabetisierungskurs für Senioren geholfen, unsere Organisation und die Möglichkeiten des ESK bei verschiedenen Veranstaltungen präsentiert, internationale Gäste betreut und unsere eigenen Sprachkurse in Englisch und Deutsch für interessierte Erwachsene gehalten.</p>



<p>Aber natürlich haben wir nicht nur gearbeitet, sondern hatten auch die Möglichkeit in unserer Freizeit die Umgebung zu erkunden. Taurisano ist leider sehr schlecht mit öffentlichen Verkehrsmitteln angebunden, trotzdem konnten wir mit unseren Fahrrädern, mit dem Zug und später auch mit einem eigenen Auto viele Ausflüge ans Meer und in umliegende größere Städte machen. Wir waren in Bari, Santa Maria di Leuca, Lecce, zwei Mal in Rom und sogar für ein paar Tage im Rahmen eines europäischen Kooperationsprojekts in Bukarest in Rumänien.</p>



<p>Bei all diesen Reisen innerhalb Italiens und natürlich auch in unserem Alltag war die italienische Sprache eine ständige Herausforderung. Mit den Mitarbeitenden der Organisation und auch miteinander haben wir hauptsächlich Englisch gesprochen, doch die meisten der lokalen Einwohner konnten nur Italienisch und wir wollten die Sprache natürlich auch gerne lernen. Dabei war es schade, dass wir keinen offiziellen Sprachkurs hatten, aber auch durch den Alltag konnten wir viel lernen und uns am Ende der sechs Monate meistens problemlos verständigen.</p>



<p>Insgesamt war dieser Freiwilligendienst für mich nicht nur eine schöne Auszeit nach der Schule, sondern ich habe auch unfassbar viel über die italienische Kultur und das Leben in Süditalien gelernt, wunderbare Menschen getroffen und ganz viele neue Erfahrungen gemacht, sodass ich den Europäischen Solidaritätskorps nur weiterempfehlen kann.</p>



<p></p>



<figure class="wp-block-gallery has-nested-images columns-default is-cropped wp-block-gallery-1 is-layout-flex wp-block-gallery-is-layout-flex">
<figure class="wp-block-image size-large"><img loading="lazy" decoding="async" width="768" height="1024" data-id="3018" src="http://eurowerkstatt-jena.de/wp-content/uploads/2022/06/Bild3-4-768x1024.jpeg" alt="" class="wp-image-3018" srcset="https://eurowerkstatt-jena.de/wp-content/uploads/2022/06/Bild3-4-768x1024.jpeg 768w, https://eurowerkstatt-jena.de/wp-content/uploads/2022/06/Bild3-4-225x300.jpeg 225w, https://eurowerkstatt-jena.de/wp-content/uploads/2022/06/Bild3-4-1152x1536.jpeg 1152w, https://eurowerkstatt-jena.de/wp-content/uploads/2022/06/Bild3-4-9x12.jpeg 9w, https://eurowerkstatt-jena.de/wp-content/uploads/2022/06/Bild3-4-285x380.jpeg 285w, https://eurowerkstatt-jena.de/wp-content/uploads/2022/06/Bild3-4.jpeg 1200w" sizes="auto, (max-width: 768px) 85vw, 768px" /></figure>



<figure class="wp-block-image size-large"><img loading="lazy" decoding="async" width="1024" height="768" data-id="3019" src="http://eurowerkstatt-jena.de/wp-content/uploads/2022/06/Bild2-4-1024x768.jpeg" alt="" class="wp-image-3019" srcset="https://eurowerkstatt-jena.de/wp-content/uploads/2022/06/Bild2-4-1024x768.jpeg 1024w, https://eurowerkstatt-jena.de/wp-content/uploads/2022/06/Bild2-4-300x225.jpeg 300w, https://eurowerkstatt-jena.de/wp-content/uploads/2022/06/Bild2-4-768x576.jpeg 768w, https://eurowerkstatt-jena.de/wp-content/uploads/2022/06/Bild2-4-1536x1152.jpeg 1536w, https://eurowerkstatt-jena.de/wp-content/uploads/2022/06/Bild2-4-16x12.jpeg 16w, https://eurowerkstatt-jena.de/wp-content/uploads/2022/06/Bild2-4-507x380.jpeg 507w, https://eurowerkstatt-jena.de/wp-content/uploads/2022/06/Bild2-4.jpeg 1600w" sizes="auto, (max-width: 709px) 85vw, (max-width: 909px) 67vw, (max-width: 1362px) 62vw, 840px" /></figure>



<figure class="wp-block-image size-large"><img loading="lazy" decoding="async" width="576" height="1024" data-id="3017" src="http://eurowerkstatt-jena.de/wp-content/uploads/2022/06/Bild1-6-576x1024.jpeg" alt="" class="wp-image-3017" srcset="https://eurowerkstatt-jena.de/wp-content/uploads/2022/06/Bild1-6-576x1024.jpeg 576w, https://eurowerkstatt-jena.de/wp-content/uploads/2022/06/Bild1-6-169x300.jpeg 169w, https://eurowerkstatt-jena.de/wp-content/uploads/2022/06/Bild1-6-768x1365.jpeg 768w, https://eurowerkstatt-jena.de/wp-content/uploads/2022/06/Bild1-6-864x1536.jpeg 864w, https://eurowerkstatt-jena.de/wp-content/uploads/2022/06/Bild1-6-7x12.jpeg 7w, https://eurowerkstatt-jena.de/wp-content/uploads/2022/06/Bild1-6-214x380.jpeg 214w, https://eurowerkstatt-jena.de/wp-content/uploads/2022/06/Bild1-6.jpeg 900w" sizes="auto, (max-width: 576px) 85vw, 576px" /></figure>
</figure>

<p>Nach meinem Abitur war mir schnell klar, dass ich nicht direkt mit einem Studium anfangen möchte, sondern gerne ein Jahr Zeit hätte mich zu orientieren und andere Dinge außerhalb der akademischen Laufbahn zu erleben. So bin ich durch kurzer Recherche auf das Angebot des Europäischen Solidaritätskorps gestoßen und war nach einigen anfänglichen Organisationsschwierigkeiten von September &hellip; <a href="https://eurowerkstatt-jena.de/en/hosting/volunteers-experiences/im-absatz-des-italienischen-stiefels%ef%bf%bc/" class="more-link">Continue reading<span class="screen-reader-text"> &#8222;Im Absatz des italienischen Stiefels￼&#8220;</span></a></p>
