{"id":2581,"date":"2020-07-07T15:43:38","date_gmt":"2020-07-07T13:43:38","guid":{"rendered":"http:\/\/eurowerkstatt-jena.de\/?page_id=2581"},"modified":"2021-03-12T18:40:01","modified_gmt":"2021-03-12T17:40:01","slug":"im-aufbau-3","status":"publish","type":"page","link":"https:\/\/eurowerkstatt-jena.de\/en\/sending\/erfahrungsberichte\/im-aufbau-3\/","title":{"rendered":"Norwegen, Spanien und Irland lassen gr\u00fc\u00dfen"},"content":{"rendered":"<p><strong>Tom in Norwegen<\/strong><\/p>\n\n\n\n<p>Ich bin verdammt froh, dass ich mich f\u00fcr diese kleine Pause aus dem \u201eakademischen Zirkel\u201c entschieden habe und kann nur jedem, der sich gerne mal in v\u00f6llig neuen Situationen austesten, neue Leute aus ganz Europa kennenlernen und vieles lernen m\u00f6chte, empfehlen einmal dar\u00fcber nachzudenken sich f\u00fcr ein solches Jahr zu entscheiden. \u00dcber all jene, die mir sagten ich verschenke doch die Zeit damit kann ich nur noch m\u00fcde l\u00e4cheln. Auch wenn es sicher nicht immer so gut l\u00e4uft, es gibt immer Abbrecher und Unzufriedene, die Meisten aus meinem Umfeld haben \u00e4hnliche Erfahrungen gemacht wie ich und werden viele wichtige Erfahrungen aus ihrer Zeit mit ins Studiums- und Berufsleben nehmen<\/p>\n\n\n\n<p><strong>Zoe in Spanien<\/strong><\/p>\n\n\n\n<p>Mein Projekt in Carri\u00f3n de los Condes befasste sich mit Tourismus und Jugendarbeit. Ich habe mich sehr wohlgef\u00fchlt, meine ehemaligen Mitarbeiter sind nun wie eine zweite Familie f\u00fcr mich und das St\u00e4dtchen wie eine zweite Heimat. Ich bin nach Spanien ohne die Sprache zu k\u00f6nnen und durch den sehr guten Unterricht im dortigen Sprachforum erlernte ich schnell die Sprache. Die Wohnung, die ich mir mit einer anderen Freiwilligen aus Italien teilte, war sehr gro\u00df und mehr als ausreichend f\u00fcr zwei Personen. In meinen neun Monaten bin ich viel durch Spanien gereist, habe viel gesehen und erlebt.<\/p>\n\n\n\n<p>Zusammen gefasst war es eine wundersch\u00f6ne Zeit und ich w\u00fcrde dieses Projekt jederzeit wieder antreten. Ich kann es nur empfehlen und w\u00fcnsche jedem so eine Erfahrung, wie ich sie dort machen durfte.<\/p>\n\n\n\n<p><strong>Frederike war in Irland<\/strong><\/p>\n\n\n\n<p>Mein Freiwilligendienst in Kingsriver war absolut einzigartig und voller neuer und wunderbarer Erfahrungen und Herausforderungen! Durch die intensive Arbeit mit den Menschen dort hatte ich das Gef\u00fchl, tats\u00e4chlich etwas ver\u00e4ndern zu k\u00f6nnen. All die unterschiedlichen und interessanten Menschen, die ich kennenlernen durfte haben mein Leben definitiv bereichert und gepr\u00e4gt!<\/p>","protected":false},"excerpt":{"rendered":"<p>Blitzlichter einiger Ehemaliger der Eurowerkstatt<\/p>","protected":false},"author":1,"featured_media":0,"parent":2349,"menu_order":6,"comment_status":"closed","ping_status":"closed","template":"page-templates\/grid-page.php","meta":{"give_campaign_id":0,"footnotes":""},"class_list":["post-2581","page","type-page","status-publish","hentry"],"campaignId":"","_links":{"self":[{"href":"https:\/\/eurowerkstatt-jena.de\/en\/wp-json\/wp\/v2\/pages\/2581","targetHints":{"allow":["GET"]}}],"collection":[{"href":"https:\/\/eurowerkstatt-jena.de\/en\/wp-json\/wp\/v2\/pages"}],"about":[{"href":"https:\/\/eurowerkstatt-jena.de\/en\/wp-json\/wp\/v2\/types\/page"}],"author":[{"embeddable":true,"href":"https:\/\/eurowerkstatt-jena.de\/en\/wp-json\/wp\/v2\/users\/1"}],"replies":[{"embeddable":true,"href":"https:\/\/eurowerkstatt-jena.de\/en\/wp-json\/wp\/v2\/comments?post=2581"}],"version-history":[{"count":2,"href":"https:\/\/eurowerkstatt-jena.de\/en\/wp-json\/wp\/v2\/pages\/2581\/revisions"}],"predecessor-version":[{"id":2779,"href":"https:\/\/eurowerkstatt-jena.de\/en\/wp-json\/wp\/v2\/pages\/2581\/revisions\/2779"}],"up":[{"embeddable":true,"href":"https:\/\/eurowerkstatt-jena.de\/en\/wp-json\/wp\/v2\/pages\/2349"}],"wp:attachment":[{"href":"https:\/\/eurowerkstatt-jena.de\/en\/wp-json\/wp\/v2\/media?parent=2581"}],"curies":[{"name":"wp","href":"https:\/\/api.w.org\/{rel}","templated":true}]}}

Norwegen, Spanien und Irland lassen grüßen

<p><strong>Tom in Norwegen</strong></p>



<p>Ich bin verdammt froh, dass ich mich für diese kleine Pause aus dem „akademischen Zirkel“ entschieden habe und kann nur jedem, der sich gerne mal in völlig neuen Situationen austesten, neue Leute aus ganz Europa kennenlernen und vieles lernen möchte, empfehlen einmal darüber nachzudenken sich für ein solches Jahr zu entscheiden. Über all jene, die mir sagten ich verschenke doch die Zeit damit kann ich nur noch müde lächeln. Auch wenn es sicher nicht immer so gut läuft, es gibt immer Abbrecher und Unzufriedene, die Meisten aus meinem Umfeld haben ähnliche Erfahrungen gemacht wie ich und werden viele wichtige Erfahrungen aus ihrer Zeit mit ins Studiums- und Berufsleben nehmen</p>



<p><strong>Zoe in Spanien</strong></p>



<p>Mein Projekt in Carrión de los Condes befasste sich mit Tourismus und Jugendarbeit. Ich habe mich sehr wohlgefühlt, meine ehemaligen Mitarbeiter sind nun wie eine zweite Familie für mich und das Städtchen wie eine zweite Heimat. Ich bin nach Spanien ohne die Sprache zu können und durch den sehr guten Unterricht im dortigen Sprachforum erlernte ich schnell die Sprache. Die Wohnung, die ich mir mit einer anderen Freiwilligen aus Italien teilte, war sehr groß und mehr als ausreichend für zwei Personen. In meinen neun Monaten bin ich viel durch Spanien gereist, habe viel gesehen und erlebt.</p>



<p>Zusammen gefasst war es eine wunderschöne Zeit und ich würde dieses Projekt jederzeit wieder antreten. Ich kann es nur empfehlen und wünsche jedem so eine Erfahrung, wie ich sie dort machen durfte.</p>



<p><strong>Frederike war in Irland</strong></p>



<p>Mein Freiwilligendienst in Kingsriver war absolut einzigartig und voller neuer und wunderbarer Erfahrungen und Herausforderungen! Durch die intensive Arbeit mit den Menschen dort hatte ich das Gefühl, tatsächlich etwas verändern zu können. All die unterschiedlichen und interessanten Menschen, die ich kennenlernen durfte haben mein Leben definitiv bereichert und geprägt!</p>
