{"id":2577,"date":"2020-07-07T15:42:18","date_gmt":"2020-07-07T13:42:18","guid":{"rendered":"http:\/\/eurowerkstatt-jena.de\/?page_id=2577"},"modified":"2021-03-12T18:40:34","modified_gmt":"2021-03-12T17:40:34","slug":"im-aufbau-1","status":"publish","type":"page","link":"https:\/\/eurowerkstatt-jena.de\/en\/sending\/erfahrungsberichte\/im-aufbau-1\/","title":{"rendered":"Mein Freiwilligenjahr hat mich zu meinem Beruf gef\u00fchrt"},"content":{"rendered":"<p>Das ich Land und Leute in Luxemburg intensiv kennen lernen w\u00fcrde, war mir schon bei meinem ersten Treffen mit den, f\u00fcr die Freiwilligen verantwortlichen, Mitarbeitern der Schule klar. Meine Mitfreiwillige und ich wurden herzlich Willkommen gehei\u00dfen und zum Kennenlernen in eine Pizzeria eingeladen. Auch bekamen wir eine erste Tour durch Luxemburg Stadt und zu der Schule, in der in einer Woche der regul\u00e4re Betrieb des Schuljahres 2018\/19 beginnen w\u00fcrde. Bis dahin hatten Annika und ich Zeit, die Stadt und Umgebung noch weiter auf eigene Faust zu erkunden. So bekamen wir einen ersten Eindruck vom Land. Sp\u00e4ter sollten wir mit neuen Freunden noch mehrere tolle Ausfl\u00fcge machen. Zu Sehensw\u00fcrdigkeiten in ganz Luxemburg, nach Nancy im Sommer und Metz zum franz\u00f6sischen Weihnachtsmarkt, f\u00fcr ein Strandwochenende an die belgische K\u00fcste oder zum Shoppen nah Trier. Am Anfang meiner Arbeit war ich meist erst einmal Zuschauerin der t\u00e4glichen Geschehnisse. Nach und nach lernte ich die Kinder meiner Gruppe (3 bis 9 Jahre) sehr gut kennen, las mir auch viel Wissen \u00fcber ihre Behinderungen an und lernte, wie man ihre Therapieziele erreichen kann. Die Arbeit steht unter dem Motto \u201eHilfe zur Selbsthilfe\u201c und \u201eDie Kinder -im Rahmen ihrer M\u00f6glichkeiten &#8211; auf das t\u00e4gliche Leben vorbereiten\u201c. Ich war sehr gl\u00fccklich als ich erste Aufgaben \u00fcbernehmen konnte, zu denen zum Beispiel das F\u00fcttern, Wickeln, Spielen, mit Lehm arbeiten, Massieren, Musizieren, Tanzen, Gehtraining, Basteln, Backen und vieles mehr geh\u00f6rte. Ich bin immer noch begeistert von den M\u00f6glichkeiten, die mir und den Kindern im \u201eKompetenzzentrum f\u00fcr die k\u00f6rperliche Entwicklung\u201c gegeben wurden. Ich konnte in viele verschiedenen Berufe hereinschnuppern, in dem ich meine Kollegen hin und wieder bei ihren Therapiestunden au\u00dferhalb meiner Gruppe begleiten konnte. Ich lernte von Physiotherapeuten, Orthophonisten, Ergotherapeuten, der Lehrerin, Heilp\u00e4dagogen, Erziehern und den schuleigenen \u00c4rzten. So bekam ich einen tiefen Einblick in die ganzheitliche Betreuung der Kinder am CDM. Au\u00dferdem konnte ich auch in anderen Gruppen arbeiten und so Erfahrungen mit Kindern von 3 bis 18 Jahren und ganz unterschiedlichen Handicaps sammeln. Unser Stundenplan war breit gef\u00e4chert, denn die Schule war mit Schwimmbad (das ich zweimal die Woche mit einem Kind besuchen konnte), K\u00fcche, Luftkissen (F\u00fcr Entspannung und Aktivierung der Kinder genutzt), Entspannungs- und Aktivr\u00e4umen, gro\u00dfem Garten zum Spazierengehen und Bibliothek (die ich oft nach meiner Arbeitszeit f\u00fcr Recherchen zu verschiedenen p\u00e4dagogischen Themen nutzte) traumhaft ausgestattet. Mit meinen Arbeitskollegen verstand ich mich auch hervorragend, sodass ich den Schulalltag als bunt, lustig, aufregend und sehr abwechslungsreich empfand. Meine Erwartungshaltung an den EFD wurde somit g\u00e4nzlich \u00fcbertroffen. Negative Aspekte kann ich nicht finden, au\u00dfer vielleicht den langen Weg zur Arbeit (\u00fcber eine Stunde Busfahrt), aber daran konnte ich mich schnell gew\u00f6hnen. Meine Arbeit hat mir gro\u00dfen Spa\u00df gemacht, die Kollegen waren sehr verst\u00e4ndlich und auch bei Problemen immer f\u00fcr mich da, ich habe Luxemburg mit den Bewohnern sehr lieben gelernt und Freundschaften f\u00fcrs Leben geschlossen!<\/p>","protected":false},"excerpt":{"rendered":"<p>Laura war in Luxemburg<\/p>","protected":false},"author":1,"featured_media":0,"parent":2349,"menu_order":4,"comment_status":"closed","ping_status":"closed","template":"page-templates\/grid-page.php","meta":{"give_campaign_id":0,"footnotes":""},"class_list":["post-2577","page","type-page","status-publish","hentry"],"campaignId":"","_links":{"self":[{"href":"https:\/\/eurowerkstatt-jena.de\/en\/wp-json\/wp\/v2\/pages\/2577","targetHints":{"allow":["GET"]}}],"collection":[{"href":"https:\/\/eurowerkstatt-jena.de\/en\/wp-json\/wp\/v2\/pages"}],"about":[{"href":"https:\/\/eurowerkstatt-jena.de\/en\/wp-json\/wp\/v2\/types\/page"}],"author":[{"embeddable":true,"href":"https:\/\/eurowerkstatt-jena.de\/en\/wp-json\/wp\/v2\/users\/1"}],"replies":[{"embeddable":true,"href":"https:\/\/eurowerkstatt-jena.de\/en\/wp-json\/wp\/v2\/comments?post=2577"}],"version-history":[{"count":3,"href":"https:\/\/eurowerkstatt-jena.de\/en\/wp-json\/wp\/v2\/pages\/2577\/revisions"}],"predecessor-version":[{"id":2780,"href":"https:\/\/eurowerkstatt-jena.de\/en\/wp-json\/wp\/v2\/pages\/2577\/revisions\/2780"}],"up":[{"embeddable":true,"href":"https:\/\/eurowerkstatt-jena.de\/en\/wp-json\/wp\/v2\/pages\/2349"}],"wp:attachment":[{"href":"https:\/\/eurowerkstatt-jena.de\/en\/wp-json\/wp\/v2\/media?parent=2577"}],"curies":[{"name":"wp","href":"https:\/\/api.w.org\/{rel}","templated":true}]}}

Mein Freiwilligenjahr hat mich zu meinem Beruf geführt

<p>Das ich Land und Leute in Luxemburg intensiv kennen lernen würde, war mir schon bei meinem ersten Treffen mit den, für die Freiwilligen verantwortlichen, Mitarbeitern der Schule klar. Meine Mitfreiwillige und ich wurden herzlich Willkommen geheißen und zum Kennenlernen in eine Pizzeria eingeladen. Auch bekamen wir eine erste Tour durch Luxemburg Stadt und zu der Schule, in der in einer Woche der reguläre Betrieb des Schuljahres 2018/19 beginnen würde. Bis dahin hatten Annika und ich Zeit, die Stadt und Umgebung noch weiter auf eigene Faust zu erkunden. So bekamen wir einen ersten Eindruck vom Land. Später sollten wir mit neuen Freunden noch mehrere tolle Ausflüge machen. Zu Sehenswürdigkeiten in ganz Luxemburg, nach Nancy im Sommer und Metz zum französischen Weihnachtsmarkt, für ein Strandwochenende an die belgische Küste oder zum Shoppen nah Trier. Am Anfang meiner Arbeit war ich meist erst einmal Zuschauerin der täglichen Geschehnisse. Nach und nach lernte ich die Kinder meiner Gruppe (3 bis 9 Jahre) sehr gut kennen, las mir auch viel Wissen über ihre Behinderungen an und lernte, wie man ihre Therapieziele erreichen kann. Die Arbeit steht unter dem Motto „Hilfe zur Selbsthilfe“ und „Die Kinder -im Rahmen ihrer Möglichkeiten &#8211; auf das tägliche Leben vorbereiten“. Ich war sehr glücklich als ich erste Aufgaben übernehmen konnte, zu denen zum Beispiel das Füttern, Wickeln, Spielen, mit Lehm arbeiten, Massieren, Musizieren, Tanzen, Gehtraining, Basteln, Backen und vieles mehr gehörte. Ich bin immer noch begeistert von den Möglichkeiten, die mir und den Kindern im „Kompetenzzentrum für die körperliche Entwicklung“ gegeben wurden. Ich konnte in viele verschiedenen Berufe hereinschnuppern, in dem ich meine Kollegen hin und wieder bei ihren Therapiestunden außerhalb meiner Gruppe begleiten konnte. Ich lernte von Physiotherapeuten, Orthophonisten, Ergotherapeuten, der Lehrerin, Heilpädagogen, Erziehern und den schuleigenen Ärzten. So bekam ich einen tiefen Einblick in die ganzheitliche Betreuung der Kinder am CDM. Außerdem konnte ich auch in anderen Gruppen arbeiten und so Erfahrungen mit Kindern von 3 bis 18 Jahren und ganz unterschiedlichen Handicaps sammeln. Unser Stundenplan war breit gefächert, denn die Schule war mit Schwimmbad (das ich zweimal die Woche mit einem Kind besuchen konnte), Küche, Luftkissen (Für Entspannung und Aktivierung der Kinder genutzt), Entspannungs- und Aktivräumen, großem Garten zum Spazierengehen und Bibliothek (die ich oft nach meiner Arbeitszeit für Recherchen zu verschiedenen pädagogischen Themen nutzte) traumhaft ausgestattet. Mit meinen Arbeitskollegen verstand ich mich auch hervorragend, sodass ich den Schulalltag als bunt, lustig, aufregend und sehr abwechslungsreich empfand. Meine Erwartungshaltung an den EFD wurde somit gänzlich übertroffen. Negative Aspekte kann ich nicht finden, außer vielleicht den langen Weg zur Arbeit (über eine Stunde Busfahrt), aber daran konnte ich mich schnell gewöhnen. Meine Arbeit hat mir großen Spaß gemacht, die Kollegen waren sehr verständlich und auch bei Problemen immer für mich da, ich habe Luxemburg mit den Bewohnern sehr lieben gelernt und Freundschaften fürs Leben geschlossen!</p>
