{"id":1799,"date":"2019-11-17T20:31:01","date_gmt":"2019-11-17T19:31:01","guid":{"rendered":"http:\/\/eurowerkstatt-jena.de\/?page_id=1799"},"modified":"2020-05-12T15:21:51","modified_gmt":"2020-05-12T13:21:51","slug":"urban-international-garten","status":"publish","type":"page","link":"https:\/\/eurowerkstatt-jena.de\/en\/aktuelles\/media\/urban-international-garten\/","title":{"rendered":"International Garden"},"content":{"rendered":"<figure class=\"wp-block-embed-youtube wp-block-embed is-type-video is-provider-youtube wp-embed-aspect-16-9 wp-has-aspect-ratio\"><div class=\"wp-block-embed__wrapper\">\n<iframe loading=\"lazy\" title=\"Urban International Garten\" width=\"840\" height=\"473\" src=\"https:\/\/www.youtube.com\/embed\/5BP9_okiGGk?feature=oembed\" frameborder=\"0\" allow=\"accelerometer; autoplay; clipboard-write; encrypted-media; gyroscope; picture-in-picture; web-share\" allowfullscreen><\/iframe>\n<\/div><\/figure>\n\n\n\n<p style=\"font-size:15px\"> Mit Unterst\u00fctzung der Stadt Jena haben wir es nachlangen \u00dcberlegungen  geschafft, hinter unseren H\u00e4usern in der L\u00f6bstedter Stra\u00dfe 15 und 17  einen <a href=\"http:\/\/eurowerkstatt-jena.de\/en\/ueber-mich\/internationaler-garten\/\"><strong>Internationalen Garten<\/strong><\/a>  anzulegen.<\/p>\n\n\n\n<p>Mitmachen k\u00f6nnen alle, die gerne g\u00e4rtnern, ernten und Spa\u00df  am gemeinsamen Essen und Feiern haben. Gartenger\u00e4te sind vorhanden,  Pflanzen und S\u00e4mereien f\u00fcr 2020 bringen die Hobbyg\u00e4rtner*innen selbst  mit.  Im letzten Jahr haben wir viele Gem\u00fcsearten wie Tomaten, Gurken,   Paprika, Bohnen und Kartoffeln angebaut und konnten im August und   September mehrmals ernten! <\/p>","protected":false},"excerpt":{"rendered":"<p>Seit 2019 haben wir einen internationalen Garten in der L\u00f6bstedter Stra\u00dfe 17. Wie alles begann&#8230;.<\/p>","protected":false},"author":1,"featured_media":1765,"parent":953,"menu_order":0,"comment_status":"closed","ping_status":"closed","template":"","meta":{"give_campaign_id":0,"footnotes":""},"class_list":["post-1799","page","type-page","status-publish","has-post-thumbnail","hentry"],"campaignId":"","_links":{"self":[{"href":"https:\/\/eurowerkstatt-jena.de\/en\/wp-json\/wp\/v2\/pages\/1799","targetHints":{"allow":["GET"]}}],"collection":[{"href":"https:\/\/eurowerkstatt-jena.de\/en\/wp-json\/wp\/v2\/pages"}],"about":[{"href":"https:\/\/eurowerkstatt-jena.de\/en\/wp-json\/wp\/v2\/types\/page"}],"author":[{"embeddable":true,"href":"https:\/\/eurowerkstatt-jena.de\/en\/wp-json\/wp\/v2\/users\/1"}],"replies":[{"embeddable":true,"href":"https:\/\/eurowerkstatt-jena.de\/en\/wp-json\/wp\/v2\/comments?post=1799"}],"version-history":[{"count":6,"href":"https:\/\/eurowerkstatt-jena.de\/en\/wp-json\/wp\/v2\/pages\/1799\/revisions"}],"predecessor-version":[{"id":2510,"href":"https:\/\/eurowerkstatt-jena.de\/en\/wp-json\/wp\/v2\/pages\/1799\/revisions\/2510"}],"up":[{"embeddable":true,"href":"https:\/\/eurowerkstatt-jena.de\/en\/wp-json\/wp\/v2\/pages\/953"}],"wp:featuredmedia":[{"embeddable":true,"href":"https:\/\/eurowerkstatt-jena.de\/en\/wp-json\/wp\/v2\/media\/1765"}],"wp:attachment":[{"href":"https:\/\/eurowerkstatt-jena.de\/en\/wp-json\/wp\/v2\/media?parent=1799"}],"curies":[{"name":"wp","href":"https:\/\/api.w.org\/{rel}","templated":true}]}}

<figure class="wp-block-embed-youtube wp-block-embed is-type-video is-provider-youtube wp-embed-aspect-16-9 wp-has-aspect-ratio"><div class="wp-block-embed__wrapper">
<iframe loading="lazy" title="Urban International Garten" width="840" height="473" src="https://www.youtube.com/embed/5BP9_okiGGk?feature=oembed" frameborder="0" allow="accelerometer; autoplay; clipboard-write; encrypted-media; gyroscope; picture-in-picture; web-share" allowfullscreen></iframe>
</div></figure>



<p style="font-size:15px"> Mit Unterstützung der Stadt Jena haben wir es nachlangen Überlegungen  geschafft, hinter unseren Häusern in der Löbstedter Straße 15 und 17  einen <a href="http://eurowerkstatt-jena.de/en/ueber-mich/internationaler-garten/"><strong>Internationalen Garten</strong></a>  anzulegen.</p>



<p>Mitmachen können alle, die gerne gärtnern, ernten und Spaß  am gemeinsamen Essen und Feiern haben. Gartengeräte sind vorhanden,  Pflanzen und Sämereien für 2020 bringen die Hobbygärtner*innen selbst  mit.  Im letzten Jahr haben wir viele Gemüsearten wie Tomaten, Gurken,   Paprika, Bohnen und Kartoffeln angebaut und konnten im August und   September mehrmals ernten! </p>

<p>Seit 2019 haben wir einen internationalen Garten in der Löbstedter Straße 17. Wie alles begann&#8230;.</p>
